 -y = 2*d + 3*y - 42. Suppose -2*m + 5 = -1. What is the highest common factor of m and d?
3
Let t = 35 + -21. Suppose 3*m = -m + 56. Calculate the highest common factor of m and t.
14
Suppose -6*p + 120 + 168 = 0. Calculate the greatest common factor of 6 and p.
6
Let b be 6975/175 - 2/(-14). Calculate the greatest common divisor of b and 10.
10
Let z(t) be the third derivative of -t**4/3 + t**3/3 + 2*t**2. Let s be z(3). Let n be (s/4)/(4/(-8)). What is the greatest common factor of n and 22?
11
Suppose b = 5*b + 4. Let r be (-1)/(((-2)/4)/b). Let m be r/1 + 58 + -5. Calculate the greatest common factor of 17 and m.
17
Let y = 650 - 386. Let j be (-9)/((6/16)/(-1)). Calculate the greatest common divisor of j and y.
24
Suppose -4*g + 14 = 2*h, h + 15 = -4*h. Suppose 0 = -g*n + 1 + 39. Suppose 3*z + o = -o + 128, 52 = z + 3*o. Calculate the highest common factor of n and z.
8
Let a be 29 + ((-22)/(-11))/(1*2). Let o = -66 - -141. What is the highest common divisor of a and o?
15
Let u be (0 - 0) + 0 - -34. Let p(c) = -c**3 + 10*c**2 + 6*c - 9. Let x be p(10). What is the highest common divisor of u and x?
17
Let o(z) = -2*z. Let y be o(-1). What is the greatest common divisor of 4 and y?
2
Suppose -5*y + 0*y + 54 = 4*q, 3*q + 4*y = 40. Suppose -5 = 2*b - b. Let x be (q/10)/((-1)/b). Calculate the greatest common factor of 56 and x.
8
Let d(u) = -u**3 + 6*u**2 - u + 10. Let j be d(6). What is the greatest common divisor of j and 10?
2
Let o(m) = m + 11. Let l be o(-10). Let h be 1/(-2) + (-9)/(-6). What is the greatest common factor of h and l?
1
Let i = -5 - -4. Let v(y) = 8*y**2 + 1. Let j be v(1). Let r be 2 + j + 2 + i. What is the highest common divisor of 96 and r?
12
Let k(g) = 2 - 29*g**2 + 30*g**2 - 2*g + g. Let p be k(0). What is the greatest common divisor of 10 and p?
2
Suppose -6*l + 465 = -219. Calculate the greatest common divisor of 6 and l.
6
Let f(l) = 9*l**2 - 6*l + 2. Let o be f(3). Calculate the highest common divisor of 455 and o.
65
Let b = 19 + -17. Let c(h) = 28*h. Let s be c(1). Suppose 0*r - s = -b*r. Calculate the highest common factor of r and 2.
2
Let p(v) = -v - 10. Let x be p(-12). Suppose w = -3*c - c + 13, -x*c = 3*w - 69. Calculate the greatest common factor of w and 10.
5
Let o(n) = -4*n**3. Let y be o(-2). Suppose 2*k + 0*k = -26. Let l = -5 - k. What is the highest common divisor of l and y?
8
Suppose 0 = -j - 3*j + 4*s + 136, j + 5*s = 58. Calculate the greatest common factor of j and 95.
19
Suppose 0 = 5*r + 4*n - 95, 2*r - r - 10 = n. Calculate the greatest common divisor of r and 5.
5
Let x be 415/15 - -3 - 8/12. Calculate the greatest common factor of x and 6.
6
Let d = 6 - 2. Suppose -p = -d*p + 51. What is the highest common divisor of 68 and p?
17
Let o be (-26 + 4)*1/(-2). What is the highest common divisor of 33 and o?
11
Suppose -6*x = 42 - 84. Suppose -2*v + 2 + 2 = 0. Suppose -g + 30 = v. Calculate the highest common divisor of g and x.
7
Suppose 3*r + 2*r - 375 = 0. Let g = -15 - -31. Let z be (2/(-2))/1 + g. Calculate the greatest common divisor of z and r.
15
Let c be -1 + 3 - (0 - -2). Suppose -4*z - 4*j + 38 = -22, c = -z + 3*j - 1. Suppose -44 = -2*g + g. What is the highest common divisor of g and z?
11
Suppose -2*h + 27 = -1. Calculate the greatest common factor of h and 2.
2
Let u = -7 - -13. Let s(t) = -t**3 + 8*t**2 - 6*t - 8. Let b be s(u). Calculate the greatest common divisor of b and 42.
14
Let z = -34 + 48. What is the highest common factor of 112 and z?
14
Let y = 318 - 129. Calculate the highest common factor of y and 27.
27
Let n(c) = -c**2 + 7*c + 1. Let t be n(7). Let o be t*3/9*30. Calculate the greatest common divisor of 10 and o.
10
Let m = -27 - -42. Let j(g) = -g**2 - 8*g - 4. Let i be j(-7). Let f be 2 - ((-74 - 2) + i). Calculate the greatest common divisor of f and m.
15
Let g = -18 - -25. Let p be 2/g + 383/7. What is the greatest common factor of p and 22?
11
Let i be (-1 - (-2 - 0))*11. Calculate the highest common factor of 33 and i.
11
Suppose 5*x + 2*r - 77 = 0, 3*r = -x + 3*x - 46. Let f be -3*3/(-9) - -4. Let w(v) = v**2 - v - 3. Let j be w(f). What is the highest common factor of x and j?
17
Let y = 14 + -9. What is the greatest common divisor of 10 and y?
5
Suppose -44 + 7 = -l + 2*u, -l - 4*u = -31. What is the greatest common divisor of 5 and l?
5
Let l(u) = u. Let z be l(6). Calculate the greatest common factor of 6 and z.
6
Let c(a) = a**2 - a - 4. Let o be c(4). Let p(y) = -2*y**3 + 59*y**2 + 34*y - 48. Let f be p(30). What is the highest common factor of o and f?
8
Let a(j) be the first derivative of -2*j - 1/2*j**2 + 1. Let b be a(-3). What is the highest common factor of b and 7?
1
Let w be (-4)/(0 + 1/(-6)). Let b be -1*(0/3)/(-1). Let u(t) = -t + 60. Let j be u(b). What is the highest common divisor of w and j?
12
Suppose -2*a = -5*k - 111, 0*a - 5*a - 4*k = -261. Suppose 87 = f - a. Suppose -f = -3*i + 22. What is the greatest common divisor of i and 18?
18
Let h(y) = y + 2. Let n be h(3). Let p be (n - 3) + 111 + 0. Suppose -4*v + 15 = -p. Calculate the highest common factor of v and 4.
4
Suppose 435 = -5*n + 85. Let j be ((-1)/(-2))/(5/n). Let b = 14 + j. What is the greatest common factor of 21 and b?
7
Let r be -2*(-3 - -1)*1. Suppose -1 = q - r. Let j(o) = -2*o. Let h be j(-3). Calculate the greatest common divisor of q and h.
3
Let r be 15 + ((-21)/35)/(1/(-5)). What is the highest common factor of r and 27?
9
Let n(u) = -32*u - 4. Let r be n(7). Let j = r - -453. Suppose 2*d + a = 50, -4*a = -5*d + 121 + 4. What is the highest common divisor of d and j?
25
Let p(w) = 0 - 5*w + w**3 - 4 - 4*w**2 + 0*w**3. Suppose 0*l + 5*l = 30. Let v be p(l). What is the highest common factor of v and 19?
19
Suppose 4*o - 31 = -4*i - 7, -3*o + 3*i = 6. Suppose 0 = o*l - 4*l + 4. What is the greatest common factor of 5 and l?
1
Let l(z) = -21*z + 3. Let n be l(3). Let q be ((-6)/5)/(18/n). Calculate the greatest common divisor of 44 and q.
4
Let k be (39/9)/((-1)/(-6)*1). Suppose 5*i - 73 = -2*p, -i - i - 158 = -4*p. What is the highest common divisor of k and p?
13
Let j be 9/3 + (4 - 1). Suppose -c + 2 + 0 = 0. Suppose -c*t - 1 = -19. What is the greatest common factor of j and t?
3
Let k = 17 + -12. Suppose 9*j - k*j = 4. Suppose t + 3 = 4*t. Calculate the highest common factor of t and j.
1
Suppose l = 10 + 13. Calculate the greatest common divisor of 207 and l.
23
Let f(g) = -3*g + 4. Let z be f(4). Let h = 4 + z. Let o(y) = y**2 + 1. Let s be o(h). Calculate the highest common divisor of 136 and s.
17
Let d = 6 + 2. Let f(v) = v**3 - 4*v**2 + v - 2. Let n be f(4). Suppose n*s + 0 = d. What is the greatest common divisor of s and 28?
4
Suppose -j = 5*b - 62, b = 4*j + 2*b - 210. Calculate the highest common factor of j and 39.
13
Let l = -16 - -36. Let d be 6/5*l/(-3). Let o be (d/12)/(2/(-90)). What is the highest common divisor of 10 and o?
10
Suppose 2*k - 17 = -5*g, 6*k - k - 5 = -5*g. Let x be (-250)/(-5)*(-2)/(-4). What is the greatest common factor of x and g?
5
Let g(o) = 5*o**2 - 2*o + 2. Let j be g(1). What is the greatest common divisor of 25 and j?
5
Let t(r) = 1 + 0 + 1 - 47*r. Let z be t(-2). Suppose 5*h - z = h. What is the highest common factor of h and 16?
8
Let a be 2/5 + 176/(-40). Let u(z) = -9*z - 9. Let d be u(a). Let l be 5 + -1 + (1 - 2). What is the highest common factor of l and d?
3
Let b(c) = 12*c**2 - 2. Let i be b(-1). What is the greatest common factor of i and 320?
10
Suppose -10 = -2*l, z - 4*l = 2 - 12. Let u(f) = f**3 - 3*f**2 + 2*f + 2. Let a be u(2). Suppose 38 = a*n + z. What is the greatest common factor of 2 and n?
2
Let h(d) = d**2 - 4*d - 7. Let u be h(-7). What is the greatest common divisor of u and 35?
35
Let w = 46 - 28. Suppose 0 = 5*x - 37 - 23. What is the greatest common divisor of w and x?
6
Suppose -4*p - 5*t - 46 = -8, 4*p + 4*t = -36. Let w(g) = -g**3 - 6*g**2 - 4*g + 8. Let d be w(p). What is the highest common divisor of 17 and d?
17
Let s be (1 - 1)/(-2 + 1). Suppose 3*h - 8 - 7 = s. Let c be 0*(2 + -1) - -40. Calculate the highest common divisor of h and c.
5
Let j(h) = 4*h**2 - 3*h - 2. Let s be j(-2). Suppose -5*y + 5 = -s. What is the greatest common divisor of y and 5?
5
Let k(q) = 2*q